-3).
-3
-5 - (-1 - (9 + -6 + -4))
-5
Calculate (-8 - (-2 + -5)) + (4 - 0).
3
What is the value of -8 + 1 - (-40 + 36)?
-3
Evaluate (-2 - (-1 - 5) - 3) + -4.
-3
1 + 1 - (1 + -4)
5
Evaluate -3 - (-12 - (-5 - 0) - -5).
-1
What is -5 + 3 + 1 + 5?
4
-13 + 9 + (-1 - 1) + 4
-2
Calculate 1 + (2 - 2) - (-35 + 32).
4
Calculate 4 - -2 - 2 - (-109 + 113).
0
Evaluate 2 - (8 + (5 - 8)).
-3
-5 + 2 + 6 + -3 + -3
-3
Evaluate (231 - 234) + -1 + 0 + 6.
2
What is the value of -5 + -2 + 1 - -9?
3
What is (-6 - (-8 + 6)) + -3 + 2?
-5
Evaluate -3 + -1 + 0 + 4 - -2.
2
(0 - -9) + -7 - (-2 - -2)
2
Calculate 7 - (-1 + 3) - 9.
-4
What is 1 + (10 - 27) - -10?
-6
Evaluate (2 - 5) + -1 + 1.
-3
Calculate 9 + -3 + -10 + (3 - 7).
-8
What is -5 + (6 - ((-1 - 5) + 1))?
6
What is the value of 3 - -4 - (-3 - -2)?
8
Calculate 6 - (7 - (5 + -1)).
3
What is the value of -5 + 7 + 0 + -8?
-6
Evaluate -14 - -7 - ((0 - -1) + -3).
-5
0 - (-4 + 2) - (0 - -1)
1
Calculate -4 + 2 + 7 - (-1 - -1).
5
What is 4 - 1 - (16 - 9)?
-4
Calculate -18 + 8 - -7 - (0 - -2).
-5
What is the value of -13 + 14 - (-1 + -1 + -1)?
4
Calculate -20 + 12 + -1 + 6.
-3
What is (0 - -4) + -3 - (2 - -2)?
-3
What is (-3 + 4 - -3) + (-1 - -1)?
4
Evaluate -3 - (-5 - -8 - 5).
-1
What is the value of (3 - -3) + -4 - (-1 + -2)?
5
Evaluate 8 + -8 - (-3 - (1 + 0)).
4
0 + 1 + (-1 - -4) + 1
5
What is the value of 0 + (1 - 0 - (8 - 2))?
-5
-8 + 8 + 10 - (5 - 4)
9
Calculate 4 + 4 + -6 - 0.
2
Evaluate -12 + 3 + 8 - (5 - 0).
-6
What is the value of 2 + -2 + 2 + (6 - 4)?
4
What is the value of 7 + -3 + -10 + 7 + -5?
-4
What is the value of 2 + -4 - -6 - 1?
3
What is (10 - (-2 + 10)) + -6?
-4
What is the value of (-2 - 3 - -10) + -5?
0
What is -2 - (13 - 10 - 6)?
1
-7 + 14 + (-1 - 11)
-5
3 + -4 - (-8 + (-3 - -7))
3
What is (10 - 4) + -10 + 5?
1
Calculate -5 + -7 + (17 - 8).
-3
(0 - 1) + (-5 - -10)
4
1 + (-1 - (0 - -1))
-1
What is the value of (4 - (14 + -6) - -2) + 0?
-2
19 - 29 - (0 + -8)
-2
What is 7 + -4 + (3 - 2) + 1?
5
Calculate 0 + 3 + 4 + -6 + -1.
0
Evaluate 4 + (0 - 6 - -6).
4
What is the value of -11 - (-23 + 4) - 9?
-1
What is -2 - (-17 + 4 - -2)?
9
2 + -2 + (8 - (18 - 7))
-3
Evaluate -6 + (6 - -4) + -4 + -3.
-3
-5 + 1 + (6 - 6) + 12
8
0 - -4 - (-22 - -27)
-1
What is -3 - -3 - (1 + (0 - 3))?
2
What is the value of (3 - -1) + (-2 + -2 - -3)?
3
Evaluate -3 - (-3 - (2 - 3)) - -5.
4
Evaluate -1 + -2 - (21 + -20).
-4
What is -4 + -2 + 6 + 1 + 2?
3
What is (3 - 1) + (-15 - -13) + -3?
-3
Calculate -2 + -2 - (-6 + 13 - 6).
-5
What is the value of -8 + 2 + (9 - -1)?
4
What is 4 + -2 + 0 - (6 + 0)?
-4
Evaluate (-6 - -11 - 4) + -9.
-8
-5 + (-2 + 10 - 0)
3
Calculate 2 - (-6 + 14 + -7).
1
-1 - (-3 - -4) - (-6 + 2)
2
(11 + 9 - 12) + 0 + 0
8
-5 + (-1 - 6) + 8 + 5
1
What is (0 - 5) + 8 - 1?
2
Evaluate -4 - (4 - 7 - -3).
-4
What is the value of -5 + 9 + 2 - 7?
-1
Evaluate -24 + 31 + -10 + 3.
0
What is 5 + (-6 - -6) + 2?
7
Evaluate -4 + 0 + (-7 - (-3 + -2)).
-6
What is -2 + -1 + 6 + -6 - -1?
-2
12 - 16 - ((2 - 0) + 2)
-8
What is -3 - ((-4 - -2) + -6)?
5
Evaluate 0 + 1 + 4 - 1 - 2.
2
Evaluate 4 - 2 - (6 - 1) - -2.
-1
What is the value of 0 + -1 + (1 - -2) + 1?
3
Evaluate 2 - (3 - -2 - 8).
5
(3 + -2 - 1) + (-3 - -4)
1
What is the value of (-39 - -40) + -1 + -1?
-1
What is the value of (13 + -10 - -10) + -6?
7
What is the value of 5 + -2 - (0 + -1)?
4
What is 0 - (-3 + (4 - -6 - 1))?
-6
What is (-17 - -19) + (0 - (-3 - 0))?
5
-8 + 12 + 3 - (-2 - -17)
-8
Calculate -3 - (-10 - (-3 - 4)).
0
What is the value of (-9 + 13 - -1) + (0 - -1)?
6
-5 + 3 - (5 + -2) - -10
5
What is 1 + 7 - (6 - 3) - 2?
3
Calculate 10 - (-3 + 4 - -17).
-8
(4 - 1) + (-3 - 10 - -9)
-1
What is -4 - (-3 - (-9 + 10))?
0
Calculate -2 + 7 + -1 + 0.
4
What is the value of -14 + (0 - -13) - (5 + 2)?
-8
Evaluate 5 - 1 - 10 - (-2 + -2).
-2
What is -2 + (9 + -5 + 3 - 2)?
3
What is the value of -3 + (1 - -1) - (0 - 1)?
0
What is the value of -2 - (-2 + -2 + 2 + 5)?
-5
Calculate (6 - 0) + 14 + -17.
3
Calculate 2 + 3 + 0 + -5.
0
What is -10 - -6 - (5 - (-1 - -12))?
2
What is -2 + (0 - -5 - 9)?
-6
Evaluate 1 - (-2 - -4 - 0 - 3).
2
What is (-2 - 2) + 25 + -14 - 8?
-1
What is the value of 1 + 10 - (-12 - (-7 - 10))?
6
Calculate 3 - 0 - 7 - -5 - 6.
-5
What is -5 - (3 - 2) - -4?
-2
What is -1 + 6 - (-9 + 13)?
1
Calculate 0 - (4 - (7 + -6)) - 1.
-4
What is 1 - (4 - (-2 + 5 + 2))?
2
Calculate -3 - -9 - ((2 - 2) + 3).
3
What is the value of 5 + -2 + -6 + 1?
-2
Calculate 9 - (7 + 14 + -11).
-1
What is -2 + -1 + (-4 + -3 - -7)?
-3
What is the value of 2 + (1 - (-1 + -2) - 1)?
5
What is 1 - (0 - -2) - 4?
-5
What is 1 + -4 + -35 + 37?
-1
-1 - (10 - (2 - -4))
-5
Calculate 3 - (1 - (2 - (-1 - 0))).
5
Calculate 0 - (4 - 7) - (-1 + 2).
2
What is (1 - -1 - 1) + (210 - 213)?
-2
Calculate 10 + (-10 - (-11 - -2)).
9
What is the value of 1 - 7 - (-8 - 1)?
3
What is the value of (-1 - 7) + 15 + -8?
-1
Calculate 6 + 0 - (0 - 0).
6
4 + -2 + (-3 - -5) - 4
0
Calculate -6 + 13 - 8 - (-1 + 0).
0
What is 2 + (-1 - (2 + -2))?
1
Calculate -6 + 7 - (3 + 0).
-2
What is 1 + 1 + -4 + 0?
-2
-1 - (5 + -3 + -6)
3
What is the value of (0 - -9) + -84 + 68?
-7
What is the value of -3 + (-4 + 4 - -4)?
1
Evaluate -1 - -11 - (-9 - -14).
5
Calculate 9 - (1 + -2 + 6).
4
What is the value of -6 - (1 - -3 - 6)?
-4
Calculate (-2 - 1) + (5 - 4).
-2
What is the value of -1 + -2 - 0 - (-51 - -51)?
-3
Evaluate 14 - 11 - (-3 - -6).
0
What is -10 + 1 - -13 - (0 - -7)?
-3
What is (1 - (-2 - -6)) + -2?
-5
Calculate (2 - (-1 - -4) - 6) + 2.
-5
Evaluate 2 + (6 + -13 + 5 - -1).
1
What is the value of 3 + -7 + (5 - (4 + -7))?
4
Evaluate -10 - (-1 + (5 + -10 - -2)).
-6
What is -1 - (-2 + (-6 + 3 - -7))?
-3
-89 - -85 - ((-1 - -1) + -2)
-2
Evaluate -2 + 7 + 7 + -10.
2
What is 2 - (-6 - -1 - -2)?
5
-54 + 65 + (2 - 6)
7
Calculate (-102 - -106) + (1 - 0 - -1).
6
Evaluate (-3 - -1) + (19 + -9 - 3).
5
-1 - -5 - 3 - -4
5
What is the value of 2 + 7 - (29 + -24)?
4
What is (5 - 3) + -2 + -5?
-5
What is the value of -1 + 3 - (9 - (6 - -1))?
0
What is the value of 7 - 4 - ((1 - 0) + 2)?
0
What is (-1 - 0) + (11 - 12)?
-2
6 + (-1 - -1) + 0 + -5
1
Calculate (6 - -2) + -1 + (-4 - 7).
-4
Calculate 2 + -3 + 16 - (53 - 45).
7
Evaluate -5 - -10 - (-6 + 11).
0
((2 - 2) + 2 - 3) + -5
-6
Calculate -4 + -2 + (0 - -3).
-3
What is 0 - (-5 + (7 - -4)) - -1?
-5
What is (0 + (-5 - -11) - 6) + 3?
3
What is -3 + (0 - (-4 + 5))?
-4
Evaluate (9 - -2) + -1 + -8.
2
(10 - 2) + -1 + -2
5
Evaluate 5 + -6 - (1 - (5 - -1)).
4
(3 - 10) + 3 - -6
2
What is the value of -1 + 22 + -9 - 19?
-7
Calculate -1 + 3 - (2 + 1).
-1
What is -6 + (1 + 1 + -5 - -10)?
1
-3 - (8 + -4 + -7 + 10)
-10
What is the value of (8 - 4 - -5) + -5 - -1?
5
What is -3 + 6 + -8 + 11?
6
Calculate -4 + 4 + 4 + 1.
5
(5 - 5) + 4 + -2
2
What is the value of 0 + (3 - 6) - (7 - 8)?
-2
Calculate 5 - ((0 - (2 + -2)) + 6).
-1
-22 + 25 + (-7 - -1) + 4
1
3 - (-1 + 0 + 1) - 3
0
Calculate -5 - (-8 + -1 + 4).
0
(3 - 1 - (6 - -5)) + 3
-6
-3 + 0 - 0 - (12 + -15)
0
Calculate -18 - -6 - (-7 + -9).
4
Evaluate -17 + (-24 - -49) - (-1 + -1).
10
1 - (1 + 3) - -5
2
What is the value of (-1 - -3) + 10 + -4 + -2?
6
What is -20 - (3 + -5) - -9?
-9
What is the value of 51 + -50 - (-3 - -2)?
2
Calculate 3 + -5 + 10 + (-13 - -7).
2
What is (71 - 64) + (-7 - -1) - -4?
5
Evaluate -22 + 7 + 4 - -10.
-1
What is the value of -11 - -8 - (-2 - -5)?
-6
(5 - (10 - 5)) + (0 - -2)
2
Calculate -5 + 3 + (7 - 3).
2
What is 0 + -2 + -4 + 5?
-1
What is -10 - (-8 + 12 - 8)?
-6
Calculate -3 - (0 + 5 + (27 - 31)).
-4
Evaluate 8 + (6 - 6) + (0 - 3).
5
Evaluate -1 + -2 + 2 + -1 - 0.
-2
-18 - -13 - ((-2 - 4) + 4)
-3
What is 7 - (6 + -4 + 3)?
2
What is 5 + 0 + -1 + 1 + -9?
-4
What is 0 + 1 - (2 - 2) - 0?
1
Calculate 8 + (-3 - -1) - 5.
1
What is the value of (-1 - -2) + -9 + 5 + 0?
-3
Evaluate (-1 - -4) + 2 + (-35 - -38).
8
Calculate 16 + -24 - (0 - (4 + -4)).
-8
3 + -4 + (5 - 3) + 1
2
Evaluate 2 + -6 - -2 - -6.
4
(-5 - -4) + 1 + 1 + -10
-9
-1 + 3 + 1 - (6 - 3)
0
Evaluate 2 + (-1 - 1) + 3.
3
What is the value of -5 - (3 + (-2 - 5))?
-1
Evaluate -7 - -10 - (2 + -2 + 5).
-2
Evaluate (9 - (2 + 9)) + -2.
-4
What is the value of (1 - (0 - 3)) + 0?
4
Evaluate -3 + 4 + (-6 - (-1 + -2)).
-2
Evaluate 0 + 6 - (17 - 16).
5
What is (-27 - -25) + 1 + -6?
-7
Evaluate -3 - (4 - 6) - 